4*f - 20. What is the remainder when -3*6/99 + 246/22 is divided by j?
1
Let q = -64 - -78. Let s(p) = 2*p**2 + 14*p + 6. Let u(w) = w. Let k(d) = s(d) - 3*u(d). Calculate the remainder when k(-7) is divided by q.
13
Suppose t + 13 = 137. Suppose -2*k + 248 = 2*s, 2*k = s + 7*k - t. Calculate the remainder when s is divided by 18.
16
Suppose 0 = 10*c + 1179 - 1449. What is the remainder when 294 is divided by c?
24
Calculate the remainder when 152 is divided by (-8)/48 - (-1 + 471/(-18)).
17
Suppose -4*k - 4*s = -108 - 20, -2*s - 47 = -k. Let b(i) = -i**2 - 16*i - 18. What is the remainder when k is divided by b(-14)?
7
What is the remainder when 145 is divided by (-10)/(600/(-2244)) - 3/(-5)?
31
Let f be ((-2 - -1)*1)/1. Let x = f + 16. Suppose -8*k + 5*k = -x. Calculate the remainder when k is divided by 2.
1
Let x = 61 + -36. Let s = -47 + x. What is the remainder when 42 is divided by (2 - (-20)/(-8))*s?
9
Let t be (2 + -4)/(2/(-4)). Suppose 4*n + 3*q = 105, -65 - 65 = -5*n - 5*q. Calculate the remainder when n is divided by 7*(4/t)/1.
6
Suppose -12*j = -3*j - 387. Let b be (0/(-1))/(2 + -3). Suppose -q - s + 18 = b, 0*s + 48 = 3*q + s. Calculate the remainder when j is divided by q.
13
Let y(p) = -p**3 - 22*p**2 - 3*p + 25. Let a be y(-22). Suppose -12*d = d - a. Calculate the remainder when d is divided by 2.
1
Suppose 382 = 4*g - 162. Suppose 2*s - 4 - g = 2*f, -4*s + 2*f = -282. What is the remainder when s is divided by (9/12)/((-1)/(-24))?
17
Let d = -1056 + 1263. Calculate the remainder when d is divided by 14.
11
Let h(b) = 18*b**2 + 19*b - 67. Calculate the remainder when h(3) is divided by 1/5 - 84/(-5).
16
Let a(j) = 22*j - 5. Let x(b) = -43*b + 10. Let d(f) = 9*a(f) + 4*x(f). What is the remainder when d(7) is divided by 36?
33
Suppose -f - 4 = h + 2*f, 0 = 2*h + 2*f - 12. Suppose 0*w = 5*w. Let b = h - w. Calculate the remainder when 30 is divided by b.
8
Suppose 2*w = -4*x + 54, 0*w + 5*w + x - 135 = 0. What is the remainder when w is divided by 7?
6
Let g = -7 + 12. Let d be (-1)/(6/(-10) - 6/(-15)). Suppose 3*j - i = 19 + 19, -3*i - 62 = -d*j. Calculate the remainder when j is divided by g.
3
Let b = 429 + -404. Let f be (-34)/4*-2*1. Suppose f + b = 2*h. What is the remainder when h is divided by 6?
3
Suppose -47*g + 44*g = -99. Calculate the remainder when g is divided by 8.
1
Suppose -2*r = -2*w + 5 + 9, 10 = 2*w + 2*r. Suppose 0 = -j - j + w. Suppose -f + j*f - 48 = 0. Calculate the remainder when 45 is divided by f.
21
Suppose 0 = f - 5*f + 8. Let l(k) = -k**3 + 7*k**2 - 5*k - 4. Calculate the remainder when l(2) is divided by f.
0
Let b be 258/13 - (-6)/39. Suppose 10 = -j + b. Calculate the remainder when 97 is divided by j.
7
Let s = 3030 - 2987. Calculate the remainder when s is divided by (1 - 1)/(-1) - -22.
21
Calculate the remainder when 49*((-4 - 40/(-28)) + 4) is divided by 21.
7
Let k be (-38)/247 + 3356/13. Calculate the remainder when (k/8)/((-7)/(-28)) is divided by 26.
25
Let p(j) = -j**3 + j**2 - 5*j + 33. What is the remainder when 131 is divided by p(0)?
32
Let r(n) be the second derivative of 17*n**3/3 + 3*n**2 + 24*n. What is the remainder when r(2) is divided by -2*(-1)/(2/19)?
17
Let g(j) = 3*j**2 + 55*j + 25. What is the remainder when g(-23) is divided by 59?
52
Suppose 4*j = -0*j + 12. Suppose 0 = -5*q + 4*q - 3*b + 44, 132 = 3*q + j*b. Calculate the remainder when q is divided by 15.
14
Let u = 62 + -39. Let t = -18 + 23. Suppose t*i = -i + 540. Calculate the remainder when i is divided by u.
21
Let g(h) = -2*h**3 + 15*h**2 + 11*h + 6. Suppose 5*t - 82 = -2*a, 2*t + a = 3*t - 15. What is the remainder when g(8) is divided by t?
14
Let n(y) = -75*y - 213. What is the remainder when n(-4) is divided by 13?
9
Let u = 8 - 8. Suppose u = -0*b - 4*b. What is the remainder when (b + -3 + 21)*1 is divided by 7?
4
Suppose c + 4*x - 6*x - 61 = 0, 10 = -2*x. Calculate the remainder when 54 is divided by c.
3
Let r(g) = -5*g + 3*g - 4*g**3 + 2*g**3 + 3*g**3 + 4*g**2 - 4. Suppose 2*c + 0*x = -3*x - 3, -7 = c - 4*x. Calculate the remainder when r(c) is divided by 4.
3
Let y = -106 + 99. What is the remainder when 134 is divided by 1/y - 6320/(-140)?
44
Suppose -36*h + 93 = -31*h - 3*n, -5*h - 5*n = -85. What is the remainder when h is divided by 13?
5
Suppose 5*d = -4*q + 497, -4*d + 48 = 28. What is the remainder when q is divided by 20?
18
Let r = 141 - 121. Calculate the remainder when r is divided by 19.
1
What is the remainder when (-337)/(-1) + (-42)/(-14) is divided by 86?
82
Let u = -2665 + 2689. Suppose 285 = -0*s + 3*s. Calculate the remainder when s is divided by u.
23
Suppose 3*q + 2*s - 136 + 97 = 0, 0 = -2*q + 3*s + 26. Suppose o = 2*o - 25. What is the remainder when o is divided by q?
12
Let p be (-2)/(2*1/41). Let r = -9 - p. Calculate the remainder when 59 is divided by r.
27
Let a = -83 - -71. Let t(b) = -4*b - 7. Calculate the remainder when t(a) is divided by 14.
13
Let p(f) = -f - 4. Let u be p(-7). Suppose u*j + 7 - 19 = -3*i, 0 = -4*j - i + 13. What is the remainder when (16/(-6))/((-2)/6) is divided by j?
2
Suppose 13*f - 16 = 337 + 206. Suppose r + 510 = 4*r. What is the remainder when r is divided by f?
41
Let b = -168 + 309. Suppose 9*o = 8*o + b. Calculate the remainder when o is divided by 36.
33
Let n = 79 + -57. Let j = 92 + -161. Let a = -5 - j. What is the remainder when a is divided by n?
20
Suppose p - 359 + 78 = 4*n, -2*n + 572 = 2*p. Calculate the remainder when p is divided by 72.
69
What is the remainder when (-4*31)/(-1 - 0) is divided by 573/18 + ((-10)/60)/(-1)?
28
Let u(x) = x**3 - 8*x**2 + 2*x - 8. Let c be u(8). Suppose 50 = -c*i + 10*i. Calculate the remainder when 149 is divided by i.
24
Let z = 69 - 32. Let o = 1093 + -984. What is the remainder when o is divided by z?
35
Let c(q) = -q**3 - 9*q**2 - 8*q + 3. Let p be c(-8). Suppose p*h + 111 = 4*l, -5*l + 4*h + h = -135. Calculate the remainder when l is divided by 11.
8
Suppose -h - 21 = -5*y, -13 = -5*y + 12. Let c(a) = -a**3 + a**2 - 4*a + 55. Let i be c(0). Let m = i + -46. What is the remainder when m is divided by h?
1
Let x(o) = -o - 9. Let z be x(-13). Suppose 8 = z*y - 20. Calculate the remainder when y is divided by 3.
1
Let u(t) = -6*t - 1. Calculate the remainder when (8 + -2)*55/30 is divided by u(-1).
1
Let s(q) = -q**2 + 16*q + 13. Suppose -8*a = -111 + 31. What is the remainder when s(a) is divided by 24?
1
Let l = -2 - -4. Suppose 36 = 2*f + l*f. Calculate the remainder when f/4*192/9 is divided by 17.
14
Let t = 0 + 1. Let o = 1 + t. Suppose 0 = 4*a - 2*l - 18 + o, 0 = 2*a + 4*l + 2. What is the remainder when 8 is divided by a?
2
Let s(b) be the third derivative of -b**5/60 - 7*b**4/12 - 7*b**3/3 - 3*b**2. What is the remainder when s(-10) is divided by 7 - 0/(-4 + 7)?
5
Let a = -86 - 32. Calculate the remainder when (-1)/(-4 - 470/a) is divided by 15.
14
Calculate the remainder when -63*((-44)/12 - -3) is divided by 3 + -1 + 9/1 + 0.
9
Let u(x) = 13*x - 118. What is the remainder when u(11) is divided by 7?
4
Suppose 8*q + 444 = -60. Let c = q + 70. Calculate the remainder when 74 is divided by c.
4
Suppose -118 + 46 = -3*x. Calculate the remainder when 32 is divided by x.
8
Suppose -3*j + 3*z - 3 = -0, -z + 5 = 0. Suppose -7*n = 3*v - 3*n + 136, 2*v + 84 = j*n. Let x = v - -62. What is the remainder when 52 is divided by x?
16
Suppose 0 = -2*o + 177 - 23. Calculate the remainder when o is divided by 28.
21
Suppose 2*i - 153 = -7*i. What is the remainder when 66 is divided by i?
15
Let q = -59 - -85. Let n(y) = y + 5. Let t be n(0). Suppose 3*v + q = t*v. Calculate the remainder when v is divided by 7.
6
Let k(s) = 5*s**2 - s. Calculate the remainder when k(-2) is divided by 12*(3 - (-50)/(-20)).
4
Suppose 0 = p - 110 - 9. Suppose 41 - p = -2*r. Let u(n) = n**3 + 7*n**2 - 9*n. What is the remainder when r is divided by u(-8)?
7
Let t = -306 - -344. Calculate the remainder when 124 is divided by t.
10
Let j = 130 + -104. What is the remainder when 56 is divided by j?
4
Suppose 3*a = 11*a - 32. Suppose x = -a*i + 95, -5*x = -3*x + 10. Suppose -2*v + c = -98, -c + 3 = 5. What is the remainder when v is divided by i?
23
Suppose v - 54 + 110 = 59. Let h(f) = 4*f**2 - 4*f + 2. What is the re